{"id":3335,"date":"2025-05-22T09:45:55","date_gmt":"2025-05-22T09:45:55","guid":{"rendered":"https:\/\/www.nagrobkibialystok.pl\/?page_id=3335"},"modified":"2025-05-22T10:07:48","modified_gmt":"2025-05-22T10:07:48","slug":"grobowce-rodzinne","status":"publish","type":"page","link":"https:\/\/www.nagrobkibialystok.pl\/?page_id=3335","title":{"rendered":"Grobowce rodzinne"},"content":{"rendered":"\t\t<div data-elementor-type=\"wp-page\" data-elementor-id=\"3335\" class=\"elementor elementor-3335\" data-elementor-post-type=\"page\">\n\t\t\t\t<div class=\"elementor-element elementor-element-8877b4d e-flex e-con-boxed e-con e-parent\" data-id=\"8877b4d\" data-element_type=\"container\" data-e-type=\"container\">\n\t\t\t\t\t<div class=\"e-con-inner\">\n\t\t<div class=\"elementor-element elementor-element-b8a251f e-con-full e-flex e-con e-child\" data-id=\"b8a251f\" data-element_type=\"container\" data-e-type=\"container\">\n\t\t\t\t<div class=\"elementor-element elementor-element-285a622 elementor-widget elementor-widget-sidebar\" data-id=\"285a622\" data-element_type=\"widget\" data-e-type=\"widget\" data-widget_type=\"sidebar.default\">\n\t\t\t\t<div class=\"elementor-widget-container\">\n\t\t\t\t\t<div id=\"nav_menu-5\" class=\"sidebar-widget woo-siebar widget_nav_menu\"><div class=\"menu-menu-boczne-container\"><ul id=\"menu-menu-boczne\" class=\"menu\"><li id=\"menu-item-3321\" class=\"menu-item menu-item-type-post_type menu-item-object-page menu-item-3321\"><a href=\"https:\/\/www.nagrobkibialystok.pl\/?page_id=1065\">Nagrobki pojedyncze<\/a><\/li>\n<li id=\"menu-item-3357\" class=\"menu-item menu-item-type-post_type menu-item-object-page menu-item-3357\"><a href=\"https:\/\/www.nagrobkibialystok.pl\/?page_id=3330\">Nagrobki podw\u00f3jne<\/a><\/li>\n<li id=\"menu-item-3359\" class=\"menu-item menu-item-type-post_type menu-item-object-page menu-item-3359\"><a href=\"https:\/\/www.nagrobkibialystok.pl\/?page_id=3335\">Grobowce rodzinne<\/a><\/li>\n<li id=\"menu-item-3356\" class=\"menu-item menu-item-type-post_type menu-item-object-page menu-item-3356\"><a href=\"https:\/\/www.nagrobkibialystok.pl\/?page_id=3340\">Tablice nagrobkowe<\/a><\/li>\n<li id=\"menu-item-3358\" class=\"menu-item menu-item-type-post_type menu-item-object-page menu-item-3358\"><a href=\"https:\/\/www.nagrobkibialystok.pl\/?page_id=3346\">Dodatki<\/a><\/li>\n<li id=\"menu-item-3360\" class=\"menu-item menu-item-type-post_type menu-item-object-page menu-item-3360\"><a href=\"https:\/\/www.nagrobkibialystok.pl\/?page_id=3351\">Nagrobki dla dzieci<\/a><\/li>\n<\/ul><\/div><\/div>\t\t\t\t<\/div>\n\t\t\t\t<\/div>\n\t\t\t\t<\/div>\n\t\t<div class=\"elementor-element elementor-element-17d68a4 e-con-full e-flex e-con e-child\" data-id=\"17d68a4\" data-element_type=\"container\" data-e-type=\"container\">\n\t\t\t\t<div class=\"elementor-element elementor-element-cc25c57 elementor-widget elementor-widget-text-editor\" data-id=\"cc25c57\" data-element_type=\"widget\" data-e-type=\"widget\" data-widget_type=\"text-editor.default\">\n\t\t\t\t<div class=\"elementor-widget-container\">\n\t\t\t\t\t\t\t\t\t<div class=\"row\"><div class=\"col-md-12\"><div class=\"row\"><div class=\"col-md-12\"><h1>Grobowce rodzinne<\/h1><\/div><\/div><div class=\"row\"><div class=\"col-md-12\"><p>Kiedy\u015b wyb\u00f3r\u00a0<strong>grobowca rodzinnego<\/strong>\u00a0by\u0142 zwyczajem praktykowanym g\u0142\u00f3wnie w\u015br\u00f3d bardziej zamo\u017cnych rodzin. Wsp\u00f3\u0142cze\u015bnie jednak z\u00a0takiej mo\u017cliwo\u015bci korzysta\u00a0si\u0119 powszechnie. Dla Klient\u00f3w jest to\u00a0nie\u00a0tylko\u00a0<strong>wyraz g\u0142\u0119bokich wi\u0119zi rodzinnych, ale\u00a0tak\u017ce praktyczne rozwi\u0105zanie<\/strong>\u00a0pod\u00a0kilkoma wzgl\u0119dami. Przede wszystkim przek\u0142ada\u00a0si\u0119 ono na\u00a0zaoszcz\u0119dzenie miejsca na\u00a0cmentarzu, dzi\u0119ki mo\u017cliwo\u015bci spoczywania wielu cz\u0142onk\u00f3w rodziny w\u00a0jednym grobie. Dodatkowo wi\u0105\u017ce\u00a0si\u0119 to\u00a0z\u00a0jednorazowym wydatkiem na\u00a0budow\u0119 grobowca, a\u00a0tak\u017ce \u0142atwiejsz\u0105 piel\u0119gnacj\u0105 jednego wi\u0119kszego pomnika w\u00a0por\u00f3wnaniu do\u00a0kilku\u00a0<a href=\"https:\/\/www.nagrobkibialystok.pl\/oferta\/nagrobki-pojedyncze\">pojedynczych nagrobk\u00f3w<\/a>\u00a0rozmieszczonych w\u00a0r\u00f3\u017cnych miejscach.<\/p><p><strong>Nasza oferta obejmuje du\u017ce, trzyp\u0142ytowe grobowce rodzinne<\/strong>. Zapewniamy, \u017ce po\u0142\u0105czenie naszego wykonania ze sprowadzanymi materia\u0142ami wysokiej jako\u015bci to\u00a0gwarancja wytrzyma\u0142o\u015bci pomnika na\u00a0d\u0142ugie lata. Wszelkie szczeg\u00f3\u0142y dotycz\u0105ce grobowc\u00f3w rodzinnych ustalamy indywidualnie z\u00a0Klientem.<\/p><h2>Regulacje prawne poch\u00f3wku rodzinnego<\/h2><p>Nale\u017cy podkre\u015bli\u0107, \u017ce regulacje prawne uwzgl\u0119dniaj\u0105 mo\u017cliwo\u015b\u0107 poch\u00f3wku wi\u0119kszej liczby os\u00f3b w\u00a0jednym grobowcu. Cho\u0107 w\u00a0Ustawie o\u00a0cmentarzach i\u00a0chowaniu zmar\u0142ych mo\u017cna wyczyta\u0107, \u017ce \u201egr\u00f3b nie\u00a0mo\u017ce by\u0107 u\u017cyty do\u00a0ponownego chowania przed up\u0142ywem 20 lat\u201d (a po\u00a0tym okresie ponowne u\u017cycie grobu i\u00a0tak\u00a0mo\u017ce zosta\u0107 zastrze\u017cone), to\u00a0w<strong>\u00a0przypadku grobowc\u00f3w rodzinnych przepis ten\u00a0nie\u00a0obowi\u0105zuje<\/strong>. W\u00a0zwi\u0105zku z\u00a0tym grobowce stawiane w\u00a0tym celu s\u0105 jak najbardziej dozwolone.<\/p><\/div><\/div><\/div><\/div>\t\t\t\t\t\t\t\t<\/div>\n\t\t\t\t<\/div>\n\t\t\t\t<\/div>\n\t\t\t\t\t<\/div>\n\t\t\t\t<\/div>\n\t\t\t\t<\/div>\n\t\t","protected":false},"excerpt":{"rendered":"<p>Grobowce rodzinne Kiedy\u015b wyb\u00f3r\u00a0grobowca rodzinnego\u00a0by\u0142 zwyczajem praktykowanym g\u0142\u00f3wnie w\u015br\u00f3d bardziej zamo\u017cnych rodzin. Wsp\u00f3\u0142cze\u015bnie jednak z\u00a0takiej mo\u017cliwo\u015bci korzysta\u00a0si\u0119 powszechnie. Dla Klient\u00f3w jest to\u00a0nie\u00a0tylko\u00a0wyraz g\u0142\u0119bokich wi\u0119zi rodzinnych, ale\u00a0tak\u017ce praktyczne rozwi\u0105zanie\u00a0pod\u00a0kilkoma wzgl\u0119dami. Przede wszystkim przek\u0142ada\u00a0si\u0119 ono na\u00a0zaoszcz\u0119dzenie miejsca na\u00a0cmentarzu, dzi\u0119ki mo\u017cliwo\u015bci spoczywania wielu cz\u0142onk\u00f3w rodziny w\u00a0jednym grobie. Dodatkowo wi\u0105\u017ce\u00a0si\u0119 to\u00a0z\u00a0jednorazowym wydatkiem na\u00a0budow\u0119 grobowca, a\u00a0tak\u017ce \u0142atwiejsz\u0105 piel\u0119gnacj\u0105 jednego wi\u0119kszego [&hellip;]<\/p>\n","protected":false},"author":1,"featured_media":0,"parent":0,"menu_order":0,"comment_status":"closed","ping_status":"closed","template":"page-template\/blank-page-sidebar.php","meta":{"_acf_changed":false,"give_campaign_id":0,"footnotes":""},"class_list":["post-3335","page","type-page","status-publish","hentry"],"acf":[],"campaignId":"","_links":{"self":[{"href":"https:\/\/www.nagrobkibialystok.pl\/index.php?rest_route=\/wp\/v2\/pages\/3335","targetHints":{"allow":["GET"]}}],"collection":[{"href":"https:\/\/www.nagrobkibialystok.pl\/index.php?rest_route=\/wp\/v2\/pages"}],"about":[{"href":"https:\/\/www.nagrobkibialystok.pl\/index.php?rest_route=\/wp\/v2\/types\/page"}],"author":[{"embeddable":true,"href":"https:\/\/www.nagrobkibialystok.pl\/index.php?rest_route=\/wp\/v2\/users\/1"}],"replies":[{"embeddable":true,"href":"https:\/\/www.nagrobkibialystok.pl\/index.php?rest_route=%2Fwp%2Fv2%2Fcomments&post=3335"}],"version-history":[{"count":7,"href":"https:\/\/www.nagrobkibialystok.pl\/index.php?rest_route=\/wp\/v2\/pages\/3335\/revisions"}],"predecessor-version":[{"id":3396,"href":"https:\/\/www.nagrobkibialystok.pl\/index.php?rest_route=\/wp\/v2\/pages\/3335\/revisions\/3396"}],"wp:attachment":[{"href":"https:\/\/www.nagrobkibialystok.pl\/index.php?rest_route=%2Fwp%2Fv2%2Fmedia&parent=3335"}],"curies":[{"name":"wp","href":"https:\/\/api.w.org\/{rel}","templated":true}]}}